{"id":131,"date":"2022-02-15T18:27:47","date_gmt":"2022-02-15T23:27:47","guid":{"rendered":"https:\/\/agenciaramsey.com\/portal\/?page_id=131"},"modified":"2022-02-15T18:27:49","modified_gmt":"2022-02-15T23:27:49","slug":"glosario-de-terminos","status":"publish","type":"page","link":"https:\/\/agenciaramsey.com\/portal\/glosario-de-terminos\/","title":{"rendered":"Glosario de Terminos"},"content":{"rendered":"\n<p>A BORDO<br>T\u00e9rmino referido al transporte mar\u00edtimo, que indica que las mercanc\u00edas a transportar se&nbsp;encuentran en el buque. Cl\u00e1usula que se inserta en el conocimiento de embarque para indicar que la carga ha sido recibida en la embarcaci\u00f3n y se halla en condiciones de ser transportada.<\/p>\n\n\n\n<p>ACREDITACI\u00d3N<br>Procedimiento por el cual un organismo con autoridad t\u00e9cnica, reconoce formalmente que un organismo o persona es competente para efectuar certificaciones, de conformidad con normas y requisitos previamente establecidos. Se pueden acreditar laboratorios de ensayo y calibraci\u00f3n, auditores de calidad, de medioambiente, etc.<\/p>\n\n\n\n<p>ADMISI\u00d3N DE MERCANC\u00cdAS CON EXONERACI\u00d3N DE LOS TRIBUTOS ADUANEROS<br>Es la importaci\u00f3n de mercanc\u00edas para el consumo, con exenci\u00f3n del pago de los tributos aduaneros independientemente de su normal clasificaci\u00f3n arancelaria, o del importe de los tributos que las gravan normalmente, con tal que se importen en determinadas condiciones y con una finalidad espec\u00edfica.<\/p>\n\n\n\n<p>AFORO<br>Operaci\u00f3n que consiste en una o varias de las siguientes actuaciones: reconocimiento de mercanc\u00edas; verificaci\u00f3n de su naturaleza y valor; establecimiento de su peso, cuenta o medida; clasificaci\u00f3n en la nomenclatura arancelaria y determinaci\u00f3n de los tributos que les sean aplicables.<\/p>\n\n\n\n<p><br>ARANCEL<br>Derecho, tarifa aduanera o impuesto de importaci\u00f3n que se aplica a los bienes que se<br>internan a territorio aduanero, siendo originarios y procedentes del exterior del pa\u00eds.<\/p>\n\n\n\n<p>BANCO ACEPTANTE<br>Entidad bancaria que efect\u00faa el pago al beneficiario de un cr\u00e9dito documentario, se conoce tambi\u00e9n como \u201cBanco Pagador\u201d.<br><br>BANCO EMISOR<br>Instituci\u00f3n bancaria que emite una Carta de Cr\u00e9dito, la cual puede ser pagada por \u00e9ste o por un tercer banco (banco avisador\/pagador) al beneficiario.<br><br>BANCO NOTIFICADOR<br>Entidad financiera por conducto de la cual el banco emisor notifica la existencia de un cr\u00e9dito documentario.<\/p>\n\n\n\n<p><br>BILL OF EXCHANGE<br>Expresi\u00f3n inglesa que significa \u201cLetra de cambio\u201d. Documento mercantil utilizado para efectos de transacciones econ\u00f3micas.<\/p>\n","protected":false},"excerpt":{"rendered":"<p>A BORDOT\u00e9rmino referido al transporte mar\u00edtimo, que indica que las mercanc\u00edas a transportar se&nbsp;encuentran en el buque. Cl\u00e1usula que se [&hellip;]<\/p>\n","protected":false},"author":1,"featured_media":0,"parent":0,"menu_order":0,"comment_status":"closed","ping_status":"closed","template":"","meta":{"_monsterinsights_skip_tracking":false,"_monsterinsights_sitenote_active":false,"_monsterinsights_sitenote_note":"","_monsterinsights_sitenote_category":0,"footnotes":""},"class_list":["post-131","page","type-page","status-publish","hentry"],"_links":{"self":[{"href":"https:\/\/agenciaramsey.com\/portal\/wp-json\/wp\/v2\/pages\/131","targetHints":{"allow":["GET"]}}],"collection":[{"href":"https:\/\/agenciaramsey.com\/portal\/wp-json\/wp\/v2\/pages"}],"about":[{"href":"https:\/\/agenciaramsey.com\/portal\/wp-json\/wp\/v2\/types\/page"}],"author":[{"embeddable":true,"href":"https:\/\/agenciaramsey.com\/portal\/wp-json\/wp\/v2\/users\/1"}],"replies":[{"embeddable":true,"href":"https:\/\/agenciaramsey.com\/portal\/wp-json\/wp\/v2\/comments?post=131"}],"version-history":[{"count":1,"href":"https:\/\/agenciaramsey.com\/portal\/wp-json\/wp\/v2\/pages\/131\/revisions"}],"predecessor-version":[{"id":132,"href":"https:\/\/agenciaramsey.com\/portal\/wp-json\/wp\/v2\/pages\/131\/revisions\/132"}],"wp:attachment":[{"href":"https:\/\/agenciaramsey.com\/portal\/wp-json\/wp\/v2\/media?parent=131"}],"curies":[{"name":"wp","href":"https:\/\/api.w.org\/{rel}","templated":true}]}}